t are the prime factors of 261855785?
5, 52371157
What are the prime factors of 5698447195?
5, 7, 1439, 113143
List the prime factors of 108977864.
2, 23, 653, 907
What are the prime factors of 1545157961?
29, 53281309
What are the prime factors of 266517320?
2, 5, 2207, 3019
What are the prime factors of 112657143?
3, 37552381
List the prime factors of 54458071.
54458071
What are the prime factors of 1744640997?
3, 11, 17, 163, 19079
List the prime factors of 1883408273.
1667, 1129819
What are the prime factors of 65857717?
23, 67, 42737
List the prime factors of 52402521.
3, 2789, 6263
List the prime factors of 180857462.
2, 90428731
List the prime factors of 236979726.
2, 3, 39496621
What are the prime factors of 497414305?
5, 17, 1609, 3637
What are the prime factors of 339662792?
2, 7, 6065407
List the prime factors of 90577587.
3, 307, 98347
What are the prime factors of 3337167091?
43, 1259, 61643
List the prime factors of 150265821.
3, 79, 269, 2357
What are the prime factors of 4076735?
5, 13, 19, 3301
What are the prime factors of 63492459?
3, 2791, 7583
What are the prime factors of 1172364996?
2, 3, 11, 8881553
What are the prime factors of 2015144468?
2, 37, 13615841
What are the prime factors of 261623316?
2, 3, 21801943
List the prime factors of 98060668.
2, 727, 33721
List the prime factors of 2264214469.
11, 29, 557, 12743
What are the prime factors of 157829360?
2, 5, 13, 17, 79, 113
List the prime factors of 6488666976.
2, 3, 11, 43, 142897
List the prime factors of 63473194.
2, 31736597
What are the prime factors of 1548914260?
2, 5, 77445713
List the prime factors of 696538886.
2, 348269443
List the prime factors of 3957620500.
2, 5, 103, 76847
List the prime factors of 22698686.
2, 37, 306739
List the prime factors of 1347682706.
2, 7177, 93889
List the prime factors of 5630768.
2, 11, 13, 23, 107
What are the prime factors of 2304833489?
7, 37, 8898971
List the prime factors of 2385358203.
3, 795119401
List the prime factors of 273211587.
3, 11, 31, 8093
What are the prime factors of 3375572726?
2, 1687786363
List the prime factors of 353369414.
2, 71, 139, 17903
List the prime factors of 101765452.
2, 109, 233407
List the prime factors of 1184296357.
41, 761, 37957
What are the prime factors of 23290581?
3, 163, 47629
List the prime factors of 3806640.
2, 3, 5, 17, 311
What are the prime factors of 1297071540?
2, 3, 5, 2179, 3307
What are the prime factors of 473591309?
31, 67, 107, 2131
List the prime factors of 1626110745.
3, 5, 7, 15486769
List the prime factors of 831458322.
2, 3, 109, 423781
List the prime factors of 65180239.
65180239
What are the prime factors of 250652064?
2, 3, 13, 200843
List the prime factors of 1071043120.
2, 5, 7, 1912577
What are the prime factors of 464711322?
2, 3, 2473, 31319
What are the prime factors of 1890089303?
33181, 56963
What are the prime factors of 245995486?
2, 11, 283, 39511
What are the prime factors of 311807845?
5, 62361569
List the prime factors of 81479729.
81479729
List the prime factors of 72987878.
2, 23, 1586693
What are the prime factors of 126858959?
131, 968389
What are the prime factors of 862627951?
5573, 154787
List the prime factors of 10862079.
3, 3620693
What are the prime factors of 137162203?
137162203
List the prime factors of 49721707.
7, 7103101
What are the prime factors of 1045235043?
3, 97, 399097
What are the prime factors of 53166848?
2, 7, 29669
List the prime factors of 25317348.
2, 3, 7, 19, 29, 547
What are the prime factors of 1977756842?
2, 988878421
List the prime factors of 1135877821.
13, 53, 1648589
List the prime factors of 165395319.
3, 577, 95549
What are the prime factors of 538516819?
563, 956513
What are the prime factors of 313409867?
7741, 40487
What are the prime factors of 337755926?
2, 2833, 59611
What are the prime factors of 326387467?
7, 46626781
What are the prime factors of 605721322?
2, 17, 179, 99527
What are the prime factors of 135874736?
2, 31, 273941
What are the prime factors of 34894149?
3, 17, 167, 241
What are the prime factors of 109622888?
2, 13702861
What are the prime factors of 123907412?
2, 41, 97, 7789
List the prime factors of 203225003.
67, 89, 173, 197
List the prime factors of 429371334.
2, 3, 7, 1135903
What are the prime factors of 67587707?
11, 73, 1153
List the prime factors of 123068693.
11, 337, 33199
What are the prime factors of 135088034?
2, 193, 269, 1301
List the prime factors of 38211014.
2, 19, 1005553
List the prime factors of 225188667.
3, 11, 252737
List the prime factors of 1724004809.
1724004809
List the prime factors of 1720009632.
2, 3, 11, 43, 37879
What are the prime factors of 837859921?
837859921
What are the prime factors of 31151712?
2, 3, 324497
List the prime factors of 1151046266.
2, 1493, 385481
List the prime factors of 1230649945.
5, 7, 29, 173209
What are the prime factors of 21783465?
3, 5, 11, 14669
List the prime factors of 137741691.
3, 45913897
What are the prime factors of 1013198297?
53, 19116949
List the prime factors of 3223869740.
2, 5, 7, 13, 59, 4289
List the prime factors of 131999376.
2, 3, 269, 10223
List the prime factors of 49564583.
2389, 20747
List the prime factors of 40021115.
5, 8004223
List the prime factors of 46665257.
41, 719, 1583
What are the prime factors of 2612780413?
101, 25869113
What are the prime factors of 851493644?
2, 212873411
What are the prime factors of 137236070?
2, 5, 17, 31, 26041
List the prime factors of 3361898223.
3, 17, 353, 20749
What are the prime factors of 2418938776?
2, 2693, 112279
List the prime factors of 611234859.
3, 47, 4334999
What are the prime factors of 798078057?
3, 7, 29, 1310473
List the prime factors of 117255299.
7, 31, 540347
List the prime factors of 38695955.
5, 7739191
What are the prime factors of 243736858?
2, 271, 449699
What are the prime factors of 13194479?
23, 573673
What are the prime factors of 979506731?
7, 17, 59, 139511
List the prime factors of 40775635.
5, 191, 42697
What are the prime factors of 76978210?
2, 5, 17, 452813
What are the prime factors of 1643191721?
1643191721
What are the prime factors of 467779677?
3, 19, 31, 264731
What are the prime factors of 6841710?
2, 3, 5, 19, 4001
What are the prime factors of 108197608?
2, 29, 466369
List the prime factors of 124187049.
3, 7, 557, 3539
What are the prime factors of 5199249043?
17, 305838179
What are the prime factors of 1260742669?
71, 17756939
What are the prime factors of 88782680?
2, 5, 7, 109, 2909
List the prime factors of 241029441.
3, 467, 57347
List the prime factors of 36797338.
2, 19, 67, 97, 149
What are the prime factors of 231188415?
3, 5, 15412561
What are the prime factors of 2446687334?
2, 7, 13, 13443337
What are the prime factors of 247806513?
3, 47, 195277
List the prime factors of 13714204.
2, 7, 489793
What are the prime factors of 127264836?
2, 3, 2539, 4177
What are the prime factors of 642536352?
2, 3, 17, 263, 499
What are the prime factors of 1260547?
1260547
List the prime factors of 2229808901.
18367, 121403
List the prime factors of 72571793.
7, 17, 87121
List the prime factors of 2138800565.
5, 11, 47, 827389
List the prime factors of 58912162.
2, 41, 67, 10723
List the prime factors of 5453861426.
2, 13, 17, 3467, 3559
What are the prime factors of 776987170?
2, 5, 77698717
List the prime factors of 43497836.
2, 31, 350789
List the prime factors of 51075598.
2, 7, 941, 3877
List the prime factors of 280386606.
2, 3, 23, 673, 3019
What are the prime factors of 30780083?
443, 69481
What are the prime factors of 146827323?
3, 1812683
What are the prime factors of 476673213?
3, 59, 683, 3943
What are the prime factors of 190079962?
2, 95039981
List the prime factors of 159102244.
2, 7, 5682223
List the prime factors of 12120659.
31, 390989
What are the prime factors of 257873631?
3, 23, 47, 131, 607
What are the prime factors of 117329962?
2, 61, 83, 11587
List the prime factors of 8667904.
2, 7, 691
What are the prime factors of 41608785?
3, 5, 2773919
What are the prime factors of 236594206?
2, 37, 3197219
List the prime factors of 29802261.
3, 9934087
What are the prime factors of 285149238?
2, 3, 11, 4320443
List the prime factors of 958145083.
7, 503, 541
List the prime factors of 10151